{"id":22,"date":"2020-01-13T23:23:26","date_gmt":"2020-01-13T23:23:26","guid":{"rendered":"http:\/\/raweld.mx\/?page_id=22"},"modified":"2020-01-14T01:32:07","modified_gmt":"2020-01-14T01:32:07","slug":"productos","status":"publish","type":"page","link":"https:\/\/raweld.mx\/?page_id=22","title":{"rendered":"Productos"},"content":{"rendered":"\n<div class=\"wp-block-group\"><div class=\"wp-block-group__inner-container is-layout-flow wp-block-group-is-layout-flow\">\n<p>Contamos con diferentes productos de Alta Calidad y con mas de 7 A\u00f1os en M\u00e9xico y Mas de 60 a\u00f1os a Nivel Internacional, <\/p>\n\n\n\n<p>Nuestros productos estan elaborados y mejorados en base a los ejercicios y usos de empresas con Alto prestigio, contando con una mejora en nuestros productos y calidades superiores a la Competencia.<\/p>\n\n\n\n<p>Se implementa un soporte y Servicio con eficiencia y en tiempos y formas, mantenemos una revisi\u00f3n continua con todos nuestros clientes donde podemos ir mejorando d\u00eda con d\u00eda en la industria.<\/p>\n\n\n\n<p>Somos una Opci\u00f3n que brinda la oportunidad de mejoras continuas , Agradeceremos mucho de la oportunidad de conocerlos.<\/p>\n<\/div><\/div>\n","protected":false},"excerpt":{"rendered":"","protected":false},"author":1,"featured_media":0,"parent":0,"menu_order":0,"comment_status":"closed","ping_status":"closed","template":"","meta":{"footnotes":""},"class_list":["post-22","page","type-page","status-publish","hentry"],"_links":{"self":[{"href":"https:\/\/raweld.mx\/index.php?rest_route=\/wp\/v2\/pages\/22","targetHints":{"allow":["GET"]}}],"collection":[{"href":"https:\/\/raweld.mx\/index.php?rest_route=\/wp\/v2\/pages"}],"about":[{"href":"https:\/\/raweld.mx\/index.php?rest_route=\/wp\/v2\/types\/page"}],"author":[{"embeddable":true,"href":"https:\/\/raweld.mx\/index.php?rest_route=\/wp\/v2\/users\/1"}],"replies":[{"embeddable":true,"href":"https:\/\/raweld.mx\/index.php?rest_route=%2Fwp%2Fv2%2Fcomments&post=22"}],"version-history":[{"count":3,"href":"https:\/\/raweld.mx\/index.php?rest_route=\/wp\/v2\/pages\/22\/revisions"}],"predecessor-version":[{"id":84,"href":"https:\/\/raweld.mx\/index.php?rest_route=\/wp\/v2\/pages\/22\/revisions\/84"}],"wp:attachment":[{"href":"https:\/\/raweld.mx\/index.php?rest_route=%2Fwp%2Fv2%2Fmedia&parent=22"}],"curies":[{"name":"wp","href":"https:\/\/api.w.org\/{rel}","templated":true}]}}